 and 40?
1
Calculate the highest common factor of 688 and 16.
16
What is the greatest common factor of 20 and 556?
4
What is the highest common factor of 20 and 140?
20
Calculate the greatest common divisor of 344 and 5074.
86
Calculate the highest common factor of 45702 and 36.
18
What is the greatest common factor of 66 and 1782?
66
What is the highest common divisor of 432 and 270?
54
What is the greatest common factor of 2679 and 94?
47
What is the greatest common factor of 486 and 36?
18
What is the greatest common divisor of 529 and 138?
23
What is the highest common factor of 280 and 2360?
40
Calculate the highest common factor of 2873 and 323.
17
Calculate the greatest common factor of 38 and 323.
19
What is the highest common divisor of 84 and 126?
42
What is the greatest common divisor of 102 and 357?
51
What is the greatest common divisor of 46 and 667?
23
Calculate the greatest common factor of 16584 and 64.
8
What is the greatest common divisor of 51 and 3?
3
Calculate the highest common factor of 31 and 1.
1
Calculate the highest common divisor of 6 and 3264.
6
What is the greatest common divisor of 24 and 1332?
12
What is the greatest common factor of 1696 and 3498?
106
Calculate the highest common factor of 25 and 45.
5
What is the highest common factor of 730 and 90?
10
What is the greatest common factor of 5211 and 108?
27
What is the greatest common divisor of 55 and 1045?
55
Calculate the greatest common factor of 32625 and 750.
375
Calculate the greatest common divisor of 22 and 286.
22
What is the highest common factor of 14 and 3241?
7
Calculate the greatest common divisor of 7905 and 195.
15
What is the highest common divisor of 1573 and 242?
121
Calculate the highest common factor of 1593 and 59.
59
What is the highest common factor of 902 and 22?
22
Calculate the highest common divisor of 88 and 44.
44
Calculate the greatest common factor of 67 and 335.
67
What is the greatest common factor of 1340 and 14472?
268
Calculate the highest common factor of 903 and 21.
21
What is the highest common factor of 408 and 459?
51
Calculate the greatest common factor of 3159 and 78.
39
What is the highest common divisor of 544 and 1248?
32
What is the highest common factor of 19 and 551?
19
What is the greatest common factor of 135 and 865?
5
Calculate the greatest common factor of 85 and 25.
5
What is the highest common factor of 2960 and 20?
20
What is the highest common divisor of 1161 and 817?
43
What is the highest common factor of 528 and 11?
11
What is the greatest common divisor of 68 and 1700?
68
Calculate the highest common divisor of 3 and 2328.
3
Calculate the greatest common factor of 344 and 43.
43
Calculate the highest common factor of 19 and 133.
19
What is the highest common factor of 31 and 992?
31
What is the highest common divisor of 2884 and 28?
28
Calculate the highest common factor of 66 and 1122.
66
Calculate the highest common divisor of 69 and 30.
3
Calculate the highest common factor of 81 and 243.
81
What is the highest common factor of 10162 and 2?
2
Calculate the greatest common factor of 30 and 1785.
15
Calculate the highest common divisor of 9474 and 6.
6
Calculate the highest common factor of 60 and 8.
4
What is the highest common divisor of 9256 and 208?
104
What is the greatest common divisor of 20 and 3100?
20
What is the greatest common factor of 16 and 24?
8
Calculate the highest common factor of 10 and 530.
10
What is the greatest common factor of 976 and 16?
16
What is the greatest common divisor of 108 and 252?
36
What is the greatest common divisor of 1247 and 29?
29
What is the highest common factor of 774 and 1026?
18
What is the highest common factor of 77 and 77?
77
What is the highest common divisor of 6 and 750?
6
What is the greatest common factor of 2414 and 34?
34
What is the highest common factor of 77 and 88?
11
What is the greatest common factor of 76 and 16?
4
What is the greatest common factor of 1316 and 12408?
188
Calculate the highest common factor of 10 and 45930.
10
What is the highest common factor of 125 and 4875?
125
Calculate the greatest common factor of 15 and 363.
3
What is the greatest common divisor of 686 and 196?
98
Calculate the highest common factor of 56 and 70.
14
What is the highest common factor of 4 and 3428?
4
What is the highest common factor of 11 and 231?
11
What is the greatest common factor of 64 and 178?
2
What is the greatest common factor of 21 and 133?
7
What is the highest common divisor of 990 and 55?
55
Calculate the greatest common divisor of 116 and 3538.
58
What is the greatest common factor of 5 and 1565?
5
What is the highest common divisor of 179 and 5728?
179
What is the highest common divisor of 120 and 6810?
30
What is the greatest common divisor of 3 and 408?
3
Calculate the greatest common factor of 120 and 4900.
20
What is the highest common divisor of 30 and 42?
6
What is the greatest common divisor of 657 and 207?
9
Calculate the highest common factor of 14833 and 182.
91
Calculate the greatest common divisor of 855 and 190.
95
Calculate the highest common factor of 27 and 999.
27
Calculate the highest common divisor of 304 and 19.
19
Calculate the highest common factor of 15 and 1605.
15
What is the greatest common factor of 28 and 532?
28
What is the highest common factor of 33609 and 17?
17
Calculate the highest common divisor of 2398 and 22.
22
Calculate the greatest common factor of 52 and 2535.
13
What is the highest common factor of 81 and 567?
81
Calculate the greatest common factor of 13 and 858.
13
What is the greatest common divisor of 20 and 262?
2
What is the greatest common factor of 644 and 28?
28
What is the greatest common factor of 128 and 4576?
32
What is the highest common divisor of 1159 and 418?
19
Calculate the greatest common divisor of 60 and 30.
30
Calculate the highest common factor of 441 and 9.
9
Calculate the highest common divisor of 8 and 10.
2
What is the highest common factor of 63 and 49?
7
What is the greatest common divisor of 36 and 336?
12
Calculate the highest common divisor of 65 and 5044.
13
Calculate the highest common factor of 76 and 114.
38
Calculate the greatest common factor of 5424 and 144.
48
What is the highest common factor of 1961 and 265?
53
Calculate the highest common divisor of 10 and 4.
2
What is the highest common factor of 36 and 3501?
9
Calculate the highest common divisor of 15696 and 128.
16
What is the highest common factor of 264 and 165?
33
Calculate the greatest common divisor of 112 and 7980.
28
What is the greatest common divisor of 60 and 2460?
60
Calculate the highest common factor of 110 and 1.
1
Calculate the highest common factor of 8224 and 32.
32
Calculate the highest common divisor of 174 and 13746.
174
What is the greatest common factor of 1782 and 729?
81
What is the greatest common divisor of 207 and 23?
23
What is the highest common factor of 930 and 114?
6
Calculate the greatest common factor of 1711 and 29.
29
Calculate the greatest common divisor of 69664 and 448.
224
Calculate the highest common factor of 38947 and 34.
17
Calculate the greatest common factor of 140668 and 23.
23
Calculate the greatest common divisor of 247 and 133.
19
What is the highest common divisor of 4 and 90?
2
What is the greatest common factor of 567 and 81?
81
What is the greatest common factor of 372 and 60?
12
What is the greatest common divisor of 77 and 231?
77
What is the greatest common factor of 280 and 350?
70
Calculate the greatest common divisor of 24053 and 67.
67
Calculate the highest common divisor of 9768 and 72.
24
Calculate the greatest common divisor of 375 and 255.
15
What is the highest common factor of 414 and 144?
18
What is the greatest common factor of 1800 and 80?
40
Calculate the highest common factor of 56 and 588.
28
Calculate the highest common divisor of 4420 and 5780.
340
What is the greatest common divisor of 10 and 10?
10
Calculate the greatest common factor of 638 and 1102.
58
What is the highest common divisor of 34 and 10574?
34
Calculate the highest common factor of 522 and 36.
18
Calculate the highest common factor of 42 and 1302.
42
Calculate the highest common factor of 40 and 40.
40
What is the highest common factor of 8 an